= -3*y. What is the highest common factor of y and 20?
4
Let t be (-2)/10 - (-506)/55. Let i(g) = -g**2 + 11*g - 14. Let m be i(t). Calculate the greatest common divisor of 12 and m.
4
Let u = 563 + -241. What is the highest common factor of u and 138?
46
Let c = 230 + -135. Calculate the highest common divisor of 5 and c.
5
Suppose 245 + 8011 = 12*j. Calculate the highest common factor of 86 and j.
86
Let f be (262/(-8))/(2/(-8)). Suppose 5*h = -f - 189. Let r = -42 - h. Calculate the greatest common divisor of 22 and r.
22
Suppose -4*z + 144 = k, -2*k = -5*k - z + 421. What is the greatest common divisor of 70 and k?
70
Let b(t) = t + 5. Let c be b(-5). Suppose 4*a = 16 - c. Suppose l - a*q = 27, q + 14 - 43 = -3*l. What is the highest common divisor of 1 and l?
1
Suppose -14 + 2 = -z. Let n = 216 + -84. Calculate the greatest common factor of z and n.
12
Let z = -15 - -22. Suppose 3*g = -6, 3*x = z*x - 5*g - 34. Let t be (-5)/((-60)/4)*126. Calculate the greatest common divisor of x and t.
6
Let x be (-1 + 0)*-4 + 25. Suppose -j + 1 + 4 = 0, -j + x = 2*p. Calculate the highest common divisor of 108 and p.
12
Suppose 3*t - r = 156, 4*t = 4*r - 43 + 251. Calculate the highest common divisor of t and 39.
13
Let i(v) = 18*v - 72. Let s be i(29). What is the highest common divisor of 18 and s?
18
Let c = 56 + -26. Calculate the greatest common divisor of c and 50.
10
Suppose -z + 32 = 4*h, -3*h + 48 = z + 11. Let b be (-16)/(-12)*(-624)/(-32). What is the greatest common factor of b and z?
26
Suppose -9*m - 802 = -2854. What is the highest common factor of m and 24?
12
Let a(k) = 82*k - 147. Let r be a(3). Calculate the greatest common factor of 132 and r.
33
Let h = -9 + -1. Let b = 0 - h. Suppose -17 + 67 = 5*q. What is the greatest common factor of b and q?
10
Let b(l) = -l**3 + 10*l**2 + 3*l - 19. Let w be b(8). Let i = 6 + -4. Suppose -i = r - 21. What is the highest common factor of r and w?
19
Let q(s) = -s**3 + 26*s**2 + 122*s - 25. Let h be q(30). Calculate the highest common factor of h and 315.
35
Suppose 7 = -5*j + 6*j + 2*t, -j - t = -6. Suppose 7*b - 6*b - j = 0. Calculate the highest common factor of b and 5.
5
Suppose k + 4*u - 74 = -2*k, 0 = 5*k + 4*u - 126. Let q(j) = 37*j - 1. Let a be q(1). Let c = a - k. Calculate the greatest common factor of c and 110.
10
Let s(c) be the second derivative of c**4/12 - 4*c**3/3 - 3*c**2 - c. Let g be s(9). Suppose -g*f + 3 = -0*f. Calculate the greatest common divisor of 11 and f.
1
Suppose 45 = 2*h + h + 3*u, 3*h + 4*u - 47 = 0. Suppose 5*c + q + 35 = 0, 25 = -7*c + 2*c + q. Let j = h + c. Calculate the highest common divisor of 7 and j.
7
Let y be ((-3)/15)/(108/(-11880)). Suppose -l = -5*n - 105 + 42, -l + 103 = 3*n. Calculate the greatest common divisor of l and y.
22
Let j = 21 - 18. Let t be j/6*12 + 1. Let w be 4/2 + 1/(-1). What is the highest common divisor of t and w?
1
Let g = -1492 - -3652. Suppose r = 4*r - g. Suppose -6*d = -d - r. Calculate the greatest common divisor of 16 and d.
16
Suppose -9*o + 468 + 18 = 0. What is the highest common divisor of o and 297?
27
Suppose 3*k = -5*f + 1 + 2, 0 = -k + f + 1. Let l be k - 1 - (-1 - 2). Let g(i) = i. Let y be g(2). What is the highest common factor of l and y?
1
Let c(m) = -3*m + 2. Let z be c(8). Let n = z + 40. Suppose w - n = -w. Calculate the greatest common factor of 45 and w.
9
Suppose 0 = 4*z - 3 - 13. Let n be 0 - 0 - 0 - (-10 - 88). Suppose 8*g - 5*g - n = p, 0 = 3*g - 3*p - 102. Calculate the greatest common factor of z and g.
4
Suppose -26*m = -10*m - 1024. Calculate the greatest common factor of m and 128.
64
Let n(i) = 12*i - 1. Let c(t) = -t - 6. Let w be c(-7). Let m be n(w). Suppose u + 11 = 2*u. Calculate the greatest common divisor of u and m.
11
Let z be 413/(-70) - -6 - (-5519)/10. Calculate the greatest common factor of z and 24.
24
Suppose 6*c + 19 = 49. Let d be (-14)/(-3) + 1/3. What is the greatest common factor of c and d?
5
Let u be (10/8)/(2 + (-453)/228). Let j = u + -25. Calculate the highest common factor of 20 and j.
10
Let l be 5/30*3 - (-3)/6. Let w = 21 - 12. Calculate the greatest common factor of w and l.
1
Suppose -3*m + 3 = 3*n, 6*n + m + 17 = 8*n. Calculate the highest common factor of n and 222.
6
Let a be (2 + -1)/(2/(-6)). Let o be (-3)/(-9) + (-50)/a. Let l be (o - -1)/((-8)/(-36)). Calculate the greatest common factor of 9 and l.
9
Let z(m) = m**3 + 4*m**2 - 5*m - 8. Let s be z(-5). Let x = 4 - s. What is the greatest common factor of x and 120?
12
Let t(q) = -2*q**3 - 15*q**2 + 22*q + 5. Let n be t(-9). What is the highest common factor of n and 50?
50
Let c be (216/30)/6*165. Calculate the highest common factor of c and 18.
18
Suppose -5*d + 11*k = 7*k - 29, -3*d + 4*k + 19 = 0. Calculate the highest common factor of d and 245.
5
Suppose -64 = -4*t - 4*w, -t + 33 = -3*w + 5. Let c(x) = 2*x**2 - 32*x + 16. Let k be c(t). What is the greatest common factor of 52 and k?
26
Let w(y) = 11*y - 7. Let b be 54/10 + 2*(-1)/5. Let z be w(b). What is the highest common divisor of 16 and z?
16
Let z = 34 - -11. Let i(p) = p**2 - 7*p - 9. Suppose -10*r + 14*r - 36 = 0. Let k be i(r). What is the greatest common factor of z and k?
9
Suppose -z = 5*m - 54, 7*m + 124 = 3*z + 3*m. Calculate the greatest common divisor of z and 143.
11
Let s be (-35)/7 - (-1991)/11. Suppose 0 = -3*k - 12, -6*j - 2*k = -j - 72. What is the greatest common divisor of j and s?
16
Suppose -3*l - 82 = -2*g, -3*g = -3*l - 2*g - 80. Let h = l + 235. Suppose 47 + 29 = 4*y. Calculate the greatest common divisor of h and y.
19
Let m be (-2)/(-6) - 24/(-9). Let a be 3*(0 - 2/m). Let f be (1/a)/(4/(-96)). What is the highest common factor of f and 60?
12
Let f(c) = -c**3 + 21*c**2 + 2*c + 28. Let d be f(21). What is the greatest common factor of 14 and d?
14
Suppose 0 = -7*l + 3*l. Suppose l = -0*w + 6*w - 540. Let q = 66 + -30. What is the greatest common factor of q and w?
18
Let r = -15 - -36. Suppose 2*h = -7 - 9. Let y be -2*-1*(-12)/h. Calculate the greatest common factor of y and r.
3
Suppose -b - 72 = -3*b. Let u = 153 + -105. Calculate the greatest common factor of b and u.
12
Let t(h) = -1. Let n(x) = -7*x + 8. Let q(d) = n(d) + 6*t(d). Let p be q(2). Let v be (3 - 0)*(-196)/p. Calculate the greatest common factor of 7 and v.
7
Let n be -7 - 3*(42/(-6) - 21). Calculate the greatest common divisor of 1001 and n.
77
Suppose 0 = -97*z + 113*z - 352. What is the highest common factor of z and 286?
22
Let c be 334/30 - 2/(-30)*-2. Let q be ((-22)/3)/(4/(-66)). Calculate the greatest common factor of c and q.
11
Suppose -2*p + 2*b = b - 116, -3*b - 12 = 0. What is the greatest common divisor of 154 and p?
14
Let n(l) = l**3 - 6*l**2 + 6*l + 6. Let m be n(5). Let v = 26 - m. What is the highest common divisor of v and 60?
15
Suppose 266 - 14 = -3*y. Let s = y + 168. Suppose -999*q + 992*q = -84. Calculate the highest common factor of q and s.
12
Suppose -126 = 2*g - 4*g + 4*p, -5*g + 5*p + 320 = 0. Suppose -y = 4*y + g. Let k(s) = -s - 11. Let u be k(y). What is the greatest common divisor of 2 and u?
2
Let f(i) = -14*i + 5. Let s be f(0). What is the highest common divisor of 8 and s?
1
Let r(j) = -j**3 - 6*j**2 - 4*j + 17. Let h be r(-5). What is the highest common divisor of 438 and h?
6
Let j(g) = -g**2 - 9*g + 2. Let i be j(-11). Let x be (52/(-6))/(i/9 - -2). Calculate the highest common divisor of 26 and x.
13
Suppose -35*w + 39*w - 3492 = 0. What is the highest common divisor of w and 97?
97
Suppose -18*l + 30 = -12*l. Suppose l*i - 4 = 3*i. Calculate the greatest common factor of i and 10.
2
Suppose d = -4*x - x - 35, 0 = 3*d - x + 89. Let o = -22 - d. Calculate the highest common factor of o and 6.
2
Let x be (-4)/(-2)*7/(-2). Let z = 13 + x. Suppose -y + 2*y + 3*i - 12 = 0, -2*i = -5*y + 77. Calculate the greatest common factor of y and z.
3
Suppose -q - 100 = -104. Calculate the greatest common divisor of 20 and q.
4
Suppose -7*k - 110 = -17*k. Calculate the greatest common factor of k and 319.
11
Let a = -789 - -849. Let c = 26 + -14. Calculate the greatest common divisor of a and c.
12
Let u = 106 + -57. Let l(j) = -j**2 - 7*j - 3. Let y = -4 - 1. Let r be l(y). What is the highest common divisor of u and r?